p - 2*p + q = 4*a, 5*p - 88 = -3*a. Suppose 22*o + 4*o - 4030 = 0. What is the greatest common factor of o and a?
31
Let t(x) = 62*x**3 + 6*x**2 - 99*x + 45. Let v be t(5). What is the highest common factor of 2384 and v?
298
Let i be (-902 + 4)*2/(-4). Let u = i + -306. Calculate the greatest common divisor of u and 39.
13
Let f be (2691/230)/((-3)/(-20)). Calculate the highest common divisor of f and 3939.
39
Suppose -9*x = -4*x + 995. Suppose -642 = -2*n - 84. Let r = n + x. Calculate the greatest common divisor of r and 200.
40
Suppose -3*v = 13*t - 26*t + 801, -2*t + 138 = 2*v. What is the greatest common factor of 210 and t?
21
Let x = -723 - -795. Calculate the greatest common factor of 3096 and x.
72
Suppose -38*n - 15 = -43*n. Suppose 3*h - 4*p - 14 = 22, h + n*p - 12 = 0. Calculate the greatest common factor of h and 192.
12
Let q(x) = x**3 + 30*x**2 + 182*x - 117. Let g be q(-21). Suppose 47 = -5*z - 253. Let o be ((-9)/(-4))/((-3)/z). What is the greatest common factor of o and g?
15
Suppose -37*a + q + 461 = -32*a, 5*a = 5*q + 465. Calculate the greatest common divisor of 2714 and a.
46
Suppose 31*q - 34*q = -4*d - 179, 0 = -2*d - 16. Calculate the greatest common divisor of 8477 and q.
49
Suppose -7*h - 2*h + 18 = 0. Suppose -5*k + 0*b = -2*b - 353, 2*b = -k + 73. Suppose k - 19 = h*t. What is the highest common factor of t and 130?
26
Let c = -65 - -59. Let z(o) = -o**2 - 5*o + 10. Let p be z(c). Suppose 780 = 4*n - 3*a, 0*a - 784 = -p*n + 2*a. What is the greatest common factor of 22 and n?
22
Let s(z) = 222*z - 6291. Let t be s(36). Calculate the highest common factor of t and 5589.
243
Let a(j) = -66*j + 63. Let d be a(-34). Suppose 3*f - 3*s = d, s - 767 = -21*f + 20*f. What is the greatest common factor of 24 and f?
24
Let l be 9 + -20 - (-20 - -2) - -2333. What is the greatest common factor of l and 120?
60
Let h be 56076/36 + (-2)/(-6). Suppose -25*n + 1442 + h = 0. Calculate the greatest common factor of n and 40.
40
Suppose 3*q = s + 345, -4*q - 5*s = -s - 460. Let d be (-1 + 8/3)/(208/624). Calculate the highest common divisor of d and q.
5
Suppose 0 = -3*v + g - 169 + 189, 3*g = 4*v - 20. What is the highest common factor of v and 5216?
8
Let i(c) = -c**2 - 4*c - 1. Let t be i(-2). Let j = -703177 - -703495. What is the highest common divisor of t and j?
3
Let h be (-39 + 0 + 1)*345/(-115). What is the greatest common divisor of 494 and h?
38
Let q(z) = 4*z + 368. Let o be q(-22). What is the highest common divisor of 85 and o?
5
Suppose -b - 832 = 5*i, -271 = 3*i - 2*b + 236. Let k = 307 + i. Calculate the highest common factor of 20 and k.
20
Suppose -86*b + 10500 = 64*b. What is the greatest common divisor of 546 and b?
14
Let b(f) = 1 - 32 + 0 - 36*f + 3*f**2. Let i be b(15). Calculate the greatest common divisor of i and 1352.
104
Let z(u) = 11*u**2 - 2*u + 2. Let p be z(1). Let h(c) = c**2 + 2 + 10 - p*c - 8. Let w be h(16). Calculate the highest common factor of w and 28.
28
Suppose -19*u + 9324 = -1278. What is the highest common factor of 24 and u?
6
Suppose -m - 425 = -3*y, -4*m + 58 - 42 = 0. Calculate the highest common divisor of y and 7007.
143
Let s = -1376 - -1929. Let d = -308 + s. Calculate the greatest common factor of 105 and d.
35
Let a be (0/((-4)/(-2)))/((-262)/131). Let m be (-2)/(-10) + 14/5. Suppose -5*k = -m*z - a*k, 4*k = -z + 17. What is the highest common divisor of z and 15?
5
Suppose 0 = 3*f - 5*f + 12. Let o(b) = b**2 - 8*b + 4. Let u be o(f). Let k(j) = -14*j - 22. Let a be k(u). Calculate the greatest common factor of a and 10.
10
Let i = 82 - 49. Let s be (30 - (-2 + 0)) + 2 + (-8 - 4). What is the highest common factor of i and s?
11
Let h = -1 + 62. Suppose -3*j + 23 + h = 0. Suppose j = 5*p + 3. What is the highest common factor of p and 15?
5
Suppose 56*d + 3488 = 16592. Let z = d - 131. Calculate the greatest common divisor of z and 721.
103
Suppose 4*r - 929 = 5*t, -3*r + 4*t + 152 = -544. Suppose o - 5*o + r = 4*l, 3*o - 2*l = 157. What is the greatest common divisor of o and 11?
11
Let u = -713 + 1303. What is the highest common divisor of 100 and u?
10
Let a be (-302)/(-12) + 2/(-12). Let j = a - 31. Let q be (-5)/(-10) + (-525)/j. Calculate the highest common divisor of 8 and q.
8
Suppose -22*p + 16848 = -15*p + 45*p. What is the highest common factor of 4 and p?
4
Let v = 45448 + -18695. Calculate the greatest common factor of 62 and v.
31
Suppose -516 = 10*d + 934. Let a be 3*(d/(-15) + -6). Calculate the highest common factor of 297 and a.
11
Suppose 0 = 11*m - 46628 - 56343. What is the greatest common factor of m and 253?
253
Let q be ((-165)/11)/(3/(-5)). Let i = q + -23. Let x(p) = p**3 - 11*p**2 + 4*p + 70. Let f be x(10). Calculate the greatest common factor of i and f.
2
Let k(y) = 2*y**3 - 11*y**2 - 21*y + 4. Let d be k(7). Let x be (-12)/(-4)*(6 - d). What is the greatest common divisor of x and 69?
3
Let p(l) = l**3 + 5*l**2 - 16*l - 11. Let j be p(-7). Let z = 26 - j. Calculate the greatest common factor of 253 and z.
23
Suppose -4*k - 24 = -4*f, k - 2 = -3. Let c(a) = 3*a**2 + 7*a - 30. Let p be c(f). Calculate the greatest common divisor of 40 and p.
40
Suppose -150 = -4*a - a. Let z be 720/96 + (-423)/(-6). What is the highest common factor of a and z?
6
Suppose 2*t = 11*l - 9*l + 128, -3*l = 6. Let i = t - 29. Calculate the greatest common factor of i and 121.
11
Suppose 3*p = 19 - 1. Suppose p*a - 165 = 33. Calculate the highest common divisor of 363 and a.
33
Let a = -77 - -140. Let g(i) = i**2 - 18*i - 88. Let h be g(-10). Let r = 276 - h. What is the highest common factor of a and r?
21
Let x(p) = p**3 - 15*p**2 + p + 29. Let m be x(15). Let k be (-3)/6 + 11/(m/210). Calculate the highest common factor of k and 234.
26
Let q = 217 + 94. Let l = 415 + q. What is the highest common factor of l and 22?
22
Suppose 3*h - 762 = -19*x + 17*x, -771 = -3*h + x. Calculate the greatest common divisor of 176 and h.
16
Let l(v) = 291*v - 927. Let j be l(13). What is the highest common factor of 21 and j?
21
Suppose -4*n + 13 + 3 = 4*c, 0 = -4*c - 5*n + 19. Suppose v + c = -5*m, 3*m = v + 7*m. Calculate the highest common divisor of 124 and v.
4
Suppose -5*h = 2*z - 16, -z = -0*z - 3. Suppose 5*a - 40 = -h*y + 45, -2*a = 4*y - 130. What is the greatest common factor of y and 30?
30
Suppose -3*p - 2*v + 96 = 0, -5*p - 3*v + 152 = -8. Calculate the greatest common factor of p and 17776.
16
Suppose 5*k - 10 = -0*k. Let i(q) = -3*q**3 - 13*q**2 - 18*q + 7. Let z be i(-4). Suppose k*u - z = -u. Calculate the highest common factor of 63 and u.
21
Let n(a) be the third derivative of a**5/60 - a**4/4 + a**3/3 + 110*a**2. Let m be n(8). What is the greatest common factor of 12 and m?
6
Let i(s) = s**2 + 88*s + 3819. Let r be i(-52). What is the greatest common factor of r and 286?
11
Suppose 2*b = 158 + 58. Suppose 0 = -10*n + 19*n - b. What is the greatest common factor of 576 and n?
12
Let w(n) be the first derivative of -22*n**2 - 61*n - 80. Let x be w(-6). What is the highest common divisor of 29 and x?
29
Let q(p) = -6*p**2 - 432*p - 348. Let f be q(-69). Calculate the highest common divisor of f and 66.
6
Suppose 3*f + 152 = -k, -4*f - 3*k = 88 + 123. Let q = f + 71. Suppose 2*h - 95 = -29. Calculate the highest common divisor of h and q.
11
Let x(r) = r**2 + 8*r - 37. Let a be x(4). Suppose -26 = -w + 3*p, 5*w - a = p + 161. Let y be 242 + 2/4*6. Calculate the greatest common divisor of w and y.
35
Suppose 223*h = 238*h - 1860. What is the greatest common divisor of 868 and h?
124
Suppose q + 18 = -5*l, -2*l + 3*l - 2 = -3*q. Suppose 0 = -4*z - 5*j + 77, -35 = -2*z + q*j - j. What is the greatest common divisor of z and 72?
18
Suppose -163*v = 165*v - 302*v - 13286. Calculate the greatest common factor of v and 5767.
73
Suppose -z = -3*v + 6, -2*z + 3*v = -0*v. Suppose 2*o = -4 + z. Suppose 4*k - o = 7. What is the highest common divisor of k and 18?
2
Let q be 55/1*(12 + (-36)/45). What is the greatest common divisor of q and 896?
56
Let m be -78*(1/5)/(537/(-895)). Let g = -7 + 11. Suppose -z + g*y + 116 = z, -9 = 3*y. What is the highest common factor of m and z?
26
Suppose 11*z - 3*z - 62000 = -8*z. What is the greatest common factor of 31 and z?
31
Suppose 